en thousands digit of 104746?
0
What is the units digit of 325937?
7
What is the units digit of 200199?
9
What is the millions digit of 1819865?
1
What is the units digit of 37867?
7
What is the hundreds digit of 884493?
4
What is the tens digit of 190059?
5
What is the ten thousands digit of 232055?
3
What is the thousands digit of 121064?
1
What is the hundreds digit of 213788?
7
What is the hundred thousands digit of 229755?
2
What is the ten thousands digit of 336158?
3
What is the hundreds digit of 140801?
8
What is the hundred thousands digit of 763724?
7
What is the thousands digit of 56905?
6
What is the hundred thousands digit of 525507?
5
What is the millions digit of 15455167?
5
What is the hundred thousands digit of 173531?
1
What is the thousands digit of 2473461?
3
What is the hundreds digit of 1484119?
1
What is the millions digit of 29080306?
9
What is the thousands digit of 172118?
2
What is the hundred thousands digit of 3466923?
4
What is the hundreds digit of 208564?
5
What is the tens digit of 167871?
7
What is the hundreds digit of 6285020?
0
What is the hundreds digit of 265257?
2
What is the hundreds digit of 1178420?
4
What is the tens digit of 79565?
6
What is the tens digit of 14425247?
4
What is the hundred thousands digit of 3375388?
3
What is the tens digit of 2905201?
0
What is the hundred thousands digit of 6260570?
2
What is the ten millions digit of 21360471?
2
What is the hundred thousands digit of 3524564?
5
What is the thousands digit of 2616960?
6
What is the tens digit of 1170471?
7
What is the units digit of 239179?
9
What is the millions digit of 2819595?
2
What is the thousands digit of 935450?
5
What is the thousands digit of 2172144?
2
What is the hundred thousands digit of 938527?
9
What is the thousands digit of 727694?
7
What is the hundred thousands digit of 259866?
2
What is the thousands digit of 639516?
9
What is the ten thousands digit of 1962857?
6
What is the ten thousands digit of 111851?
1
What is the thousands digit of 12609202?
9
What is the millions digit of 26112653?
6
What is the millions digit of 4669996?
4
What is the thousands digit of 1329141?
9
What is the thousands digit of 1894617?
4
What is the thousands digit of 770858?
0
What is the hundreds digit of 5567471?
4
What is the hundred thousands digit of 763483?
7
What is the thousands digit of 405926?
5
What is the tens digit of 4430275?
7
What is the thousands digit of 1755998?
5
What is the tens digit of 14987274?
7
What is the tens digit of 214045?
4
What is the thousands digit of 320633?
0
What is the ten thousands digit of 1303789?
0
What is the hundreds digit of 768942?
9
What is the tens digit of 3781802?
0
What is the hundreds digit of 1017195?
1
What is the millions digit of 3645758?
3
What is the hundreds digit of 5186196?
1
What is the ten millions digit of 12984332?
1
What is the units digit of 4683465?
5
What is the units digit of 13963376?
6
What is the units digit of 126488?
8
What is the thousands digit of 4647686?
7
What is the units digit of 755183?
3
What is the thousands digit of 15621?
5
What is the ten thousands digit of 357053?
5
What is the thousands digit of 984836?
4
What is the tens digit of 8265781?
8
What is the hundred thousands digit of 718809?
7
What is the thousands digit of 210501?
0
What is the ten thousands digit of 116291?
1
What is the millions digit of 1321271?
1
What is the hundreds digit of 2865177?
1
What is the hundred thousands digit of 681638?
6
What is the tens digit of 660246?
4
What is the thousands digit of 861389?
1
What is the tens digit of 434975?
7
What is the tens digit of 444216?
1
What is the thousands digit of 3941646?
1
What is the hundreds digit of 38319139?
1
What is the hundred thousands digit of 8976375?
9
What is the hundreds digit of 2093997?
9
What is the hundred thousands digit of 4210914?
2
What is the units digit of 6267473?
3
What is the tens digit of 464220?
2
What is the ten millions digit of 16700635?
1
What is the hundreds digit of 763966?
9
What is the hundred thousands digit of 2141042?
1
What is the tens digit of 3675073?
7
What is the units digit of 16083339?
9
What is the hundreds digit of 141783?
7
What is the thousands digit of 232659?
2
What is the hundred thousands digit of 147742?
1
What is the ten thousands digit of 138460?
3
What is the thousands digit of 680931?
0
What is the tens digit of 7987397?
9
What is the hundreds digit of 246936?
9
What is the units digit of 272345?
5
What is the thousands digit of 5546867?
6
What is the ten thousands digit of 607724?
0
What is the ten thousands digit of 237647?
3
What is the ten thousands digit of 6117371?
1
What is the thousands digit of 2264753?
4
What is the hundreds digit of 10052125?
1
What is the hundred thousands digit of 193971?
1
What is the ten thousands digit of 248053?
4
What is the hundred thousands digit of 1576897?
5
What is the hundred thousands digit of 144825?
1
What is the thousands digit of 85125?
5
What is the thousands digit of 140349?
0
What is the units digit of 26036454?
4
What is the hundreds digit of 31587?
5
What is the units digit of 647350?
0
What is the units digit of 80701?
1
What is the hundred thousands digit of 794241?
7
What is the thousands digit of 22804609?
4
What is the ten thousands digit of 1961096?
6
What is the thousands digit of 297183?
7
What is the hundred thousands digit of 1020960?
0
What is the hundred thousands digit of 213804?
2
What is the hundred thousands digit of 17755149?
7
What is the tens digit of 44632?
3
What is the units digit of 3207644?
4
What is the hundred thousands digit of 13131939?
1
What is the units digit of 334447?
7
What is the hundreds digit of 62680?
6
What is the tens digit of 2348345?
4
What is the units digit of 270399?
9
What is the ten millions digit of 36277983?
3
What is the millions digit of 4235026?
4
What is the tens digit of 10839183?
8
What is the units digit of 124047?
7
What is the millions digit of 2004678?
2
What is the millions digit of 5454726?
5
What is the hundred thousands digit of 18528770?
5
What is the hundred thousands digit of 2616322?
6
What is the thousands digit of 3097197?
7
What is the ten thousands digit of 3155559?
5
What is the units digit of 335916?
6
What is the tens digit of 15197249?
4
What is the hundreds digit of 427872?
8
What is the hundreds digit of 3213270?
2
What is the millions digit of 8738870?
8
What is the hundreds digit of 244016?
0
What is the hundreds digit of 1652260?
2
What is the tens digit of 4207663?
6
What is the units digit of 16639?
9
What is the ten thousands digit of 42724800?
2
What is the hundreds digit of 25910?
9
What is the hundred thousands digit of 23620117?
6
What is the hundred thousands digit of 4172339?
1
What is the ten millions digit of 18185559?
1
What is the thousands digit of 7734800?
4
What is the ten thousands digit of 81796?
8
What is the hundreds digit of 9064?
0
What is the ten thousands digit of 1108322?
0
What is the tens digit of 69207?
0
What is the thousands digit of 442654?
2
What is the ten millions digit of 12803917?
1
What is the thousands digit of 1504946?
4
What is the tens digit of 2966438?
3
What is the ten thousands digit of 779492?
7
What is the units digit of 220962?
2
What is the thousands digit of 847882?
7
What is the millions digit of 20567022?
0
What is the units digit of 1074487?
7
What is the ten millions digit of 17084929?
1
What is the thousands digit of 84549?
4
What is the hundreds digit of 4510577?
5
What is the units digit of 562192?
2
What is the units digit of 155338?
8
What is the tens digit of 3255572?
7
What is the hundreds digit of 238508?
5
What is the hundreds digit of 10318235?
2
What is the hundred thousands digit of 1912039?
9
What is the ten thousands digit of 10648?
1
What is the ten thousands digit of 388163?
8
What is the thousands digit of 369010?
9
What is the units digit of 831636?
6
What is the ten thousands digit of 2555496?
5
What is the hundreds digit of 1675617?
6
What is the tens digit of 137801?
0
What is the units digit of 310382?
2
What is the thousands digit of 159044?
9
What is the units digit of 3478099?
9
What is the thousands digit of 4088212?
8
What is the thousands digit of 44591